*2 - 10*v + 1. Calculate the remainder when 29 is divided by c(i).
9
Suppose 6 = c - 3. Suppose -74 = -3*p - 4*q, 20 + 20 = 2*p + 5*q. Let f = p + -5. Calculate the remainder when f is divided by c.
7
Let n(d) = -d**2 - 6*d + 4. Let k be n(-4). Suppose -y = 1 + k. Let b = y + 18. Calculate the remainder when 14 is divided by b.
4
Let d be 1 + ((-63)/(-3))/(-3). Let w be -1 - -8 - (6 + d). Let a(r) = -r**2 + 8*r - 3. What is the remainder when 14 is divided by a(w)?
2
Let g(p) = p**3 + 4*p**2 - 6*p + 4. Let c be g(-5). Suppose 2*q - 4 = 2, -2*q = -5*t + c. What is the remainder when t is divided by 2?
1
Let g be -4*((-3)/6 + 0). Suppose 0 = g*f + f + 4*r - 40, -r = 3*f - 46. Calculate the remainder when 47 is divided by f.
15
Let v = 190 + -119. Let s = -50 + v. What is the remainder when 4/2*(-82)/(-4) is divided by s?
20
Let v(s) = -s**3 - 4*s**2 + 2*s + 2. Let f be v(-4). What is the remainder when (-158)/(-5) - f/15 is divided by 17?
15
Let h be (-20)/(-15) + 12/(-9). Suppose -4*k + k + 18 = h. Calculate the remainder when 16 is divided by k.
4
Let o = -2 + -2. Let l = o - -6. Suppose -l = 2*j - 10. What is the remainder when 7 is divided by j?
3
Suppose -5*k + 6 + 234 = 0. What is the remainder when k is divided by 13?
9
Suppose -4*n + 3*n + 34 = 2*r, 5*r + 4*n = 91. Calculate the remainder when (-1)/(-4) - (-1575)/36 is divided by r.
14
Let j(g) = g - 3. Let w be j(5). Suppose -y + 42 = w*y. Suppose b = -b + y. Calculate the remainder when 20 is divided by b.
6
Let k = -6 + 6. Suppose -d + 52 = -k*d. Calculate the remainder when d is divided by 18.
16
Let d(a) = -a**3 + a + 5. Let c be d(0). Suppose 81 - 536 = -c*u. Suppose z + 1 = -4*y, 5*z + 2*y - u = -6. What is the remainder when z is divided by 10?
9
Let m(n) = -n**3 - 8*n**2 - 11*n + 8. Let j be m(-8). Suppose 4*i + 0*i = j. What is the remainder when 70 is divided by i?
22
Let y = 24 + -3. What is the remainder when y is divided by 10?
1
Let c = -7 + 14. Calculate the remainder when 12 is divided by c.
5
Suppose -s + 25 - 59 = 0. Let k = s + 57. Calculate the remainder when 67 is divided by k.
21
Let y = 23 - -19. What is the remainder when y is divided by 9?
6
What is the remainder when (-3 - 59/(-2))*2 is divided by 14?
11
What is the remainder when -81*1*1/(-6)*2 is divided by 14?
13
Suppose -52 = -5*q - 3*w, -3*w + 19 = -4*q + 6*q. What is the remainder when q is divided by 5?
1
Let n = 39 - 21. What is the remainder when 70 is divided by n?
16
Let b = 15 - 4. What is the remainder when 11 is divided by b?
0
Let j(z) = -z**3 + 13*z**2 - 9*z - 3. What is the remainder when j(12) is divided by 12?
9
Suppose -2*a = 3*a - 40. Let g = -3 - -8. What is the remainder when a is divided by g?
3
Suppose 3*c = x - 15, 0*c - 33 = -2*x + 3*c. Calculate the remainder when 67 is divided by x.
13
Let w be -6 + (1 + 0 - -2). What is the remainder when (w/3)/((-2)/86) is divided by -1*(3 + -2)*-15?
13
Let h(p) = -9*p + 6. Suppose c + 1 = -5. Let b be h(c). Suppose 2*n + n = b. Calculate the remainder when n is divided by 11.
9
Let h = -36 - -40. Let j be -7 + 1*(2 + -4). What is the remainder when 3*h/(-6) - j is divided by 3?
1
Let z(c) = -2*c + 2. Let d be z(-2). Suppose 9 = 4*i - 3. Suppose d = i*r - 9. What is the remainder when 14 is divided by r?
4
Let m = -1 + 10. Suppose 5*s = -2*f + 25, s - 50 = -3*f - 4*s. Calculate the remainder when f is divided by m.
7
Let y = 38 - 5. Calculate the remainder when y is divided by 3/1 - (97 - -1)/(-7).
16
Let j = 18 + -28. Calculate the remainder when 25 is divided by 5/(j/(-32)) - 2.
11
Suppose 2*n - 8 + 4 = 0. Calculate the remainder when (-2)/2 - 10/(-2) is divided by n.
0
Let w = -109 - -73. Let m = w + 63. Calculate the remainder when m is divided by 14.
13
Let h(g) = 2*g**3 + 3*g**2 - g - 2. Calculate the remainder when h(4) is divided by 43.
41
Let y be (-13)/5 + (-10)/25. Let q be (y - -1)*-1 - 14. Let i = q + 19. What is the remainder when 26 is divided by i?
5
Let m = -39 + 61. Suppose 38 = -4*l - 26. Let k = m + l. Calculate the remainder when 10 is divided by k.
4
Let u = 308 - 197. Calculate the remainder when u is divided by 8.
7
Let o(m) = m**3 + 6*m**2 + m + 1. Let g be o(-4). Let p = g - 16. Let t(n) = n**2 + n - 1. What is the remainder when p is divided by t(2)?
3
Let y = 21 + -7. Calculate the remainder when y is divided by (1 + 0)/(1/8).
6
Let u(t) = -t**2 - 10*t - 3. Calculate the remainder when 63 is divided by u(-5).
19
Suppose -7*t + 40 = t. What is the remainder when t is divided by 2?
1
Let h(z) = z + 64. Let x be h(0). Suppose 5*d + 3*g - 205 = -x, 135 = 5*d + 5*g. Suppose 5*i - d = 3*i. Calculate the remainder when 43 is divided by i.
13
Let n(k) = 8*k + 1. Let s be n(1). What is the remainder when 25 is divided by (s/(-5))/((-1)/5)?
7
Suppose -15 = -5*i, s - 42 = -2*s - 3*i. Suppose -z + 2*z + s = 0. Let p = z + 16. Calculate the remainder when 14 is divided by p.
4
Let i be (-4)/14 + (-161)/(-49). Suppose 4*l + 6*h - i*h - 103 = 0, -3*l - 5*h = -91. What is the remainder when l is divided by 12?
10
Suppose 30 = 2*w - 3*m, 4*w + 0*m = 4*m + 68. What is the remainder when 83 is divided by w?
20
Let p(d) = -6*d**2. Let z be p(-2). Let h(m) = -m**3 + m**2 + 9*m + 8. Let q be h(5). Let c = z - q. What is the remainder when c is divided by 8?
7
Let k(h) = 6*h - 3. Calculate the remainder when k(6) is divided by 18.
15
Let t(m) = m**2 + 5*m - 14. Let h be t(6). Suppose 7*w = 3*w + h. What is the remainder when w is divided by 8?
5
Suppose 5*b = -10, -y - 3*b + 5*b = -28. What is the remainder when y is divided by 5?
4
Let z = 7 + -12. Let w be (-1)/z - 412/10. Let m = w - -57. What is the remainder when m is divided by 6?
4
Let y = 58 + -40. What is the remainder when 28 is divided by y?
10
Suppose -u - 4*n + 11 = -3*n, -u + 9 = 3*n. What is the remainder when (-183)/(-4) + 3*(-3)/(-36) is divided by u?
10
Suppose -9*x + 6 = -6*x. Calculate the remainder when 1*(-2)/x*-32 is divided by 17.
15
Let w = 20 - 36. What is the remainder when 22 is divided by 8/w - 34/(-4)?
6
Suppose -12 + 39 = 3*z. Let r = z - 3. What is the remainder when 9 is divided by r?
3
Let l = -8 + 28. Calculate the remainder when l is divided by 35/3 - (-4)/(-6).
9
Suppose -4*u - 4 = 0, -4*n = -2*u - 3*u - 29. What is the remainder when n is divided by (9/(-12))/(6/(-16)) + 1?
0
Suppose -2*f - 6 = -16. Suppose -3*o + f*t = -31, -3*o - 5*t + 6 = -5. What is the remainder when 12 is divided by o?
5
Suppose 10 = -2*o + 8. Calculate the remainder when 35 is divided by (-1 + (1 - o))*12.
11
Let w = 5 - 9. Let m be (-34)/(-8) + (-3)/w. Suppose 5*a - 56 = -3*p, 0 = -m*p - 6*a + a + 80. What is the remainder when 23 is divided by p?
11
Suppose 1 = -2*h - 27. Calculate the remainder when (-994)/(-18) + h/63 is divided by 19.
17
Let f(b) = b**2 - b + 1. Let t be f(2). What is the remainder when -51*((-4)/t)/4 is divided by 10?
7
Suppose 2*z - 6*z + 45 = -3*q, -4*z - 5*q = -21. Let s = 76 - -26. Suppose -s = -3*p + z. Calculate the remainder when p is divided by 13.
11
Suppose 2*p = -p + 6. What is the remainder when 1 is divided by (p/(-6))/(3/(-9))?
0
Let b(p) = -4*p - 2. Let n be b(-2). Suppose -s = -l + n, s + 5*l - 21 = 5*s. Calculate the remainder when 59 is divided by (60/s)/((-3)/9).
19
Let w(f) = f**2 + 2*f. Let o(h) = h**2 - 2. Let s be o(0). Let u = 12 - s. What is the remainder when u is divided by w(2)?
6
Suppose -4*t = 2*z - 50 - 24, -3*z = 4*t - 77. Suppose 4*k - j = 24, 2*k - 9 = k + j. What is the remainder when t is divided by k?
2
Suppose -60 = -3*v + 162. Suppose 2*w - 54 = -3*g, 0*w + 2*w - v = -4*g. Calculate the remainder when 77 is divided by g.
17
Suppose 0 = r + 2 - 0, -30 = -2*p + 3*r. Suppose 2*g + 2*g = -24. What is the remainder when g/9 + (-195)/(-9) is divided by p?
9
Let p(a) = -5*a + 2. Let u be p(-2). Suppose -k = k - 8, -5*t + 5*k + 110 = 0. Let n = t - u. Calculate the remainder when n is divided by 5.
4
Let i(c) = -c**3 + 10*c**2 - 11*c + 2. Let j be i(8). Suppose 5*n - j = 4*o, 0 = 2*n - 4*o - 7 - 5. Calculate the remainder when 48 is divided by n.
8
Calculate the remainder when 2 - (2 + -30 + -2) is divided by 11.
10
Let z = 2 - 5. Let x(v) = -3 - 5*v + 2 + 3*v. What is the remainder when 13 is divided by x(z)?
3
Suppose 2*w